 ten thousands digit of 1109086228?
8
What is the tens digit of 253124774?
7
What is the millions digit of 3022961954?
2
What is the tens digit of 1971248757?
5
What is the ten thousands digit of 4662015?
6
What is the millions digit of 4151011797?
1
What is the millions digit of 242198299?
2
What is the tens digit of 70820737?
3
What is the units digit of 1403311326?
6
What is the hundred thousands digit of 281366180?
3
What is the units digit of 7233879?
9
What is the units digit of 3644251?
1
What is the ten thousands digit of 10092498?
9
What is the millions digit of 83232031?
3
What is the thousands digit of 18226241?
6
What is the thousands digit of 104686867?
6
What is the hundred thousands digit of 8425414?
4
What is the units digit of 109177371?
1
What is the ten millions digit of 1640286159?
4
What is the hundred millions digit of 2328113655?
3
What is the units digit of 615575604?
4
What is the tens digit of 42653841?
4
What is the hundred thousands digit of 1187256589?
2
What is the ten millions digit of 15413560?
1
What is the millions digit of 99231566?
9
What is the millions digit of 1028768?
1
What is the billions digit of 2453679968?
2
What is the tens digit of 537438440?
4
What is the hundreds digit of 1120415481?
4
What is the millions digit of 92684778?
2
What is the units digit of 861050830?
0
What is the ten thousands digit of 1919553966?
5
What is the thousands digit of 4218088983?
8
What is the hundreds digit of 6932696?
6
What is the hundreds digit of 5800060?
0
What is the units digit of 379293000?
0
What is the hundred millions digit of 172769416?
1
What is the units digit of 458403910?
0
What is the hundred millions digit of 3572973925?
5
What is the millions digit of 206680224?
6
What is the hundred thousands digit of 170679395?
6
What is the hundred millions digit of 467814996?
4
What is the tens digit of 179957444?
4
What is the ten millions digit of 46304455?
4
What is the thousands digit of 324979806?
9
What is the tens digit of 202527488?
8
What is the hundred thousands digit of 409137181?
1
What is the millions digit of 98917612?
8
What is the hundred millions digit of 906366122?
9
What is the ten millions digit of 60281043?
6
What is the millions digit of 126609539?
6
What is the tens digit of 62654727?
2
What is the hundred thousands digit of 2667356766?
3
What is the hundred millions digit of 589187331?
5
What is the hundreds digit of 213301386?
3
What is the ten thousands digit of 456053195?
5
What is the units digit of 1142326613?
3
What is the millions digit of 17819902?
7
What is the hundred thousands digit of 3810633317?
6
What is the millions digit of 44169605?
4
What is the millions digit of 985154017?
5
What is the hundreds digit of 271352804?
8
What is the tens digit of 42911763?
6
What is the billions digit of 1562784253?
1
What is the units digit of 1767913217?
7
What is the units digit of 145245898?
8
What is the thousands digit of 3470126079?
6
What is the tens digit of 1668038494?
9
What is the billions digit of 1179618133?
1
What is the ten thousands digit of 5245607757?
0
What is the hundred thousands digit of 2371533889?
5
What is the tens digit of 7869282?
8
What is the tens digit of 6310641563?
6
What is the millions digit of 154470344?
4
What is the hundreds digit of 22752985?
9
What is the tens digit of 25592669?
6
What is the hundred thousands digit of 1890159479?
1
What is the hundred thousands digit of 281725094?
7
What is the thousands digit of 396692200?
2
What is the ten thousands digit of 303255287?
5
What is the hundreds digit of 866226174?
1
What is the hundred thousands digit of 130305333?
3
What is the hundreds digit of 13246220?
2
What is the ten thousands digit of 7934639?
3
What is the thousands digit of 287570109?
0
What is the ten millions digit of 542839921?
4
What is the units digit of 10013407?
7
What is the ten millions digit of 656246168?
5
What is the units digit of 1423504268?
8
What is the hundred thousands digit of 97580530?
5
What is the hundreds digit of 205119544?
5
What is the millions digit of 1167114361?
7
What is the thousands digit of 29022371?
2
What is the millions digit of 371318736?
1
What is the ten millions digit of 2444525945?
4
What is the hundred millions digit of 102225886?
1
What is the thousands digit of 70404012?
4
What is the ten thousands digit of 601127155?
2
What is the units digit of 28211111?
1
What is the hundred thousands digit of 66487928?
4
What is the ten thousands digit of 20134498?
3
What is the tens digit of 1080277101?
0
What is the ten millions digit of 1145817514?
4
What is the units digit of 912062120?
0
What is the units digit of 63872388?
8
What is the hundreds digit of 68106763?
7
What is the millions digit of 19024826?
9
What is the millions digit of 9665912?
9
What is the hundred thousands digit of 11164071?
1
What is the ten thousands digit of 171536295?
3
What is the thousands digit of 29390915?
0
What is the units digit of 218583912?
2
What is the ten thousands digit of 76881562?
8
What is the millions digit of 65476664?
5
What is the tens digit of 39456282?
8
What is the hundred thousands digit of 106336209?
3
What is the tens digit of 13782094?
9
What is the ten thousands digit of 127342851?
4
What is the thousands digit of 806937840?
7
What is the tens digit of 106262179?
7
What is the billions digit of 1343898665?
1
What is the ten thousands digit of 6779669?
7
What is the units digit of 105070234?
4
What is the units digit of 40924357?
7
What is the units digit of 9381527?
7
What is the tens digit of 1744753402?
0
What is the millions digit of 1103612623?
3
What is the hundred millions digit of 515874037?
5
What is the tens digit of 602233136?
3
What is the tens digit of 2104086951?
5
What is the units digit of 521767607?
7
What is the millions digit of 38219329?
8
What is the thousands digit of 32807256?
7
What is the hundred millions digit of 526602589?
5
What is the tens digit of 2648521690?
9
What is the ten millions digit of 1504333464?
0
What is the hundred millions digit of 493007438?
4
What is the hundreds digit of 323253007?
0
What is the units digit of 114947244?
4
What is the hundred thousands digit of 2840424723?
4
What is the thousands digit of 151466361?
6
What is the tens digit of 88977063?
6
What is the hundreds digit of 344328912?
9
What is the thousands digit of 60529873?
9
What is the hundreds digit of 454235788?
7
What is the hundred thousands digit of 114651906?
6
What is the millions digit of 8623335?
8
What is the hundred thousands digit of 301190257?
1
What is the tens digit of 191997528?
2
What is the ten thousands digit of 5352478734?
7
What is the units digit of 167129272?
2
What is the thousands digit of 562384345?
4
What is the hundreds digit of 123548525?
5
What is the hundred thousands digit of 47388783?
3
What is the hundred millions digit of 131122713?
1
What is the ten thousands digit of 115872436?
7
What is the tens digit of 394284095?
9
What is the units digit of 51076940?
0
What is the millions digit of 438968449?
8
What is the ten millions digit of 281320966?
8
What is the tens digit of 21786500?
0
What is the tens digit of 7101880655?
5
What is the tens digit of 3643215631?
3
What is the hundreds digit of 1212030093?
0
What is the hundreds digit of 30203854?
8
What is the ten millions digit of 26967938?
2
What is the thousands digit of 17838317?
8
What is the units digit of 8974942?
2
What is the ten millions digit of 162282417?
6
What is the millions digit of 21677007?
1
What is the hundreds digit of 47501950?
9
What is the thousands digit of 196352245?
2
What is the hundred thousands digit of 55435252?
4
What is the hundreds digit of 2276353525?
5
What is the hundred thousands digit of 38493230?
4
What is the tens digit of 659488562?
6
What is the thousands digit of 112041006?
1
What is the ten thousands digit of 3835808?
3
What is the thousands digit of 557182699?
2
What is the billions digit of 1108346265?
1
What is the tens digit of 1420341331?
3
What is the thousands digit of 1665836586?
6
What is the billions digit of 1156353888?
1
What is the units digit of 3267826303?
3
What is the millions digit of 121660984?
1
What is the hundred millions digit of 20178196